i + 12 = -40*i - 5*f, -3*i + 2*f + 23 = 0. Calculate the remainder when 723 is divided by i.
2
Let h(x) = 9*x**3 - 2*x**2 + 3*x - 7. Let o be h(3). Suppose 242 - o = a. Calculate the remainder when 57 is divided by a.
12
Suppose -3*c - 33 = -9*a + 8*a, -4*a + 3*c = -132. What is the remainder when 142 is divided by a?
10
Let g be 3*(0 - (11 + -5) - -3). Calculate the remainder when 6*(-52)/(-6)*1 is divided by 2/6 - (159/g - 3).
10
Let u(v) = -6*v**2 + 51*v - 52. What is the remainder when 157 is divided by u(7)?
3
Suppose 0 = 5*z - 29 + 4. Suppose -343 = -3*n + 4*b + b, 4*b + 444 = 4*n. Suppose -3*h = -n + 70. Calculate the remainder when h is divided by z.
2
Let z(t) = 49*t - 7. Let m be z(2). Let o = 125 - m. What is the remainder when (-1 + 0)/((-9)/1197) is divided by o?
31
Let n = -4689 + 4690. What is the remainder when 334 is divided by n?
0
Let t(z) = 10*z + 181. Let q be t(-30). Let g = 411 + q. What is the remainder when g is divided by 59?
56
Let l be 510/8 + (-1 - 20/(-16)). Let j = l + -71. Calculate the remainder when 96 is divided by 4/j + 3055/91.
30
Let l(u) = 55*u - 1412. What is the remainder when 133 is divided by l(26)?
7
Let d(z) = -z - 10. Let f(l) = -2*l + 3. Let s be f(8). Let a be d(s). Let i(o) = o**3 - o**2 + 4*o - 1. Calculate the remainder when 85 is divided by i(a).
27
Let a = 3201 - 3078. Calculate the remainder when 618 is divided by a.
3
Let b = 569 + 562. What is the remainder when b is divided by 27?
24
Let m(p) = 2*p**2 - 156*p - 6124. Calculate the remainder when m(-29) is divided by (-34)/(-6) + (-2)/3.
2
Let a(p) = -p**3 - 7*p**2 - 2*p - 7. Suppose 3*f - k - 248 = 0, 33*k = 5*f + 34*k - 400. Calculate the remainder when f is divided by a(-7).
4
Let m = 1636 - 870. Calculate the remainder when m is divided by 110.
106
Let l(a) = 2*a**2 - a - 456. Let x be l(18). Let g = -142 + 97. Let p = x + g. Calculate the remainder when p is divided by 13.
12
Suppose -17 = 46*b - 45*b + 3*x, 4*b = 3*x + 52. Calculate the remainder when 1264 is divided by b.
4
Suppose -2*b = q - 317, -3*b - 4*q = -8*b + 825. Let x = b - 66. What is the remainder when x is divided by 20?
15
Let r(i) = 2 + i**2 + i + 9 + 4. Calculate the remainder when (1/(-5) + (-5733)/210)*-2 is divided by r(0).
10
Suppose -60 = -0*z + 5*z. Let y = z + 28. Suppose 6 = r - y. Calculate the remainder when 39 is divided by r.
17
Let b = -220 + 35. Let p = 197 + b. What is the remainder when p is divided by 5?
2
Let d(a) = -51*a + 155. Calculate the remainder when 8 - (-2 - (0 - 2)) is divided by d(3).
0
Let l(u) = u + 2. Let y be l(-1). Let j(p) = -p**2 - 15*p - 14. Calculate the remainder when j(-13) is divided by y*12*(-2)/(-3).
4
Suppose 270 = -6*w + 66. Calculate the remainder when (-64869)/(-75) - w/425 is divided by 62.
59
Suppose 6*s + 318 = -0*s. Let a = s - -55. Suppose -f + 5*m = -6*f + 105, -4*f + 90 = -a*m. Calculate the remainder when f is divided by 12.
10
Suppose 0 = 3*s + 2*s + 3*k - 954, -3*k = 2*s - 378. Calculate the remainder when s is divided by (1 - -31) + (-140)/(-20).
36
Suppose -26*c + 22*c + 8 = 0, 5*g = -c + 16237. What is the remainder when g is divided by 25?
22
Suppose -34*a - 200 + 1520 = 26*a. Calculate the remainder when 346 is divided by a.
16
Let s = -449 - -449. What is the remainder when 1/((-6)/(-300) + s) is divided by 17?
16
What is the remainder when 432 is divided by 1/((-13)/(-949)) - (-5)/((-10)/16)?
42
Suppose 539 = 4*y + 527. Suppose -y*l = -3*r - 885, -2 - 2 = 4*r. Calculate the remainder when l is divided by 9.
6
Suppose -22 - 3 = -n. Let f = 217 - -370. Suppose f = 7*m - 78. Calculate the remainder when m is divided by n.
20
Suppose -13*j + 11*j = 94. Let c = 49 + j. What is the remainder when 24 is divided by (c - 1)/(2/14)?
3
Suppose 134*f - 130*f - 5*p - 2737 = 0, 3*p = -3. What is the remainder when 2095 is divided by f?
46
Suppose 2*c - 342 = -4*z + 434, 5*c = 5*z - 1000. What is the remainder when 977 is divided by z?
193
Suppose -3*r + 56 = l, -4*l = l + 4*r - 269. Suppose 10 = 2*d, -5*x + 81 = -3*d + 16. Suppose -x - l = -3*y. Calculate the remainder when y is divided by 6.
5
Suppose 6*x - x - 6290 = 0. Calculate the remainder when x is divided by 3 - 12/9*((17 - 12) + -29).
33
Suppose -43*n + 16927 = -6231 - 4706. What is the remainder when 1952 is divided by n?
8
Suppose z - 770 = 6*z. Let b be (-752)/(-22) + 28/z. Suppose -b*d = -30*d - 40. Calculate the remainder when 48 is divided by d.
8
Let o(b) be the third derivative of -43*b**4/24 + 11*b**3/6 - 3*b**2 + 9*b. Calculate the remainder when 14 is divided by o(0).
3
Let a = 3751 + -3644. Calculate the remainder when 508 is divided by a.
80
Suppose 4*a - 2 = 2*u, a - 5 = 2*u - 3*u. Suppose -u*q = -q - 90. Calculate the remainder when 270/81 - (-1757)/21 is divided by q.
42
Let b(k) = 7*k - 13. Let c be b(2). Suppose -m = -1 - c. What is the remainder when m is divided by 2?
0
Let u = -274 - -113. Let v = 170 + u. Calculate the remainder when 1 - (72/(-2) + 2) is divided by v.
8
Let z = 820 + -662. Let n = -247 - -270. What is the remainder when z is divided by n?
20
What is the remainder when 141 is divided by (11 - (-2583)/135) + (-32)/240?
21
Let w(z) = 2*z**2 - 81*z + 206. Calculate the remainder when 2488 is divided by w(40).
164
Let w be (-4)/(-3)*2/(-10)*-45. Suppose 14*h - 5*j - 109 = w*h, -5*j = h - 62. What is the remainder when 226 is divided by h?
55
Suppose 7*g - 2*g - 17515 = -0*g. What is the remainder when g is divided by 19?
7
Let n(w) = 10*w - 70. Let x be n(6). Suppose 3*a + 0*a - 39 = 0. What is the remainder when a is divided by x/(-2) + 1 + 32/16?
5
Let u = 7 + 0. Suppose 5*f + 5*o - 33 = -3, -5*f - o + 26 = 0. What is the remainder when u is divided by f?
2
Let q be (3 - (-42)/(-12))/((-2)/(-764)). Let t = q + 218. Let b = -286 - -445. Calculate the remainder when b is divided by t.
24
Calculate the remainder when 117/1 + (-41 - -40) is divided by 49.
18
Let i(h) = 8*h**3 - 9*h**2 + 16*h + 1. Let q be i(2). Let p = 125 - q. Calculate the remainder when p is divided by 23.
18
Suppose -99 = -4*d + 3*a, -3*d + 5*d - 3*a - 45 = 0. Suppose 2*l + 99 = 2*r + 11, -5*r = 5*l - 240. Calculate the remainder when r is divided by d.
19
Let j(m) = -m**2 - 9*m + 5. Let y be j(-10). Let q(z) = 11*z + 21. Let r be q(y). Let b = 60 + r. What is the remainder when b is divided by 14?
12
Let w(i) = i**3 + 13*i**2 + 13*i - 29. Calculate the remainder when w(9) is divided by 67.
61
Let x = 8857 - 8836. What is the remainder when 53 is divided by x?
11
Let u = 7337 + -6479. Calculate the remainder when u is divided by 53.
10
Let j = 27 - 16. Let o(y) = -2*y**2 + 11*y - 6. Let l be o(4). Suppose 2*i - 4*i + 5*f - 2 = 0, -5*f + l = -i. What is the remainder when j is divided by i?
3
Let s = -761 - -764. What is the remainder when 2539 is divided by s?
1
Let o be (-4)/(-10) - ((-366)/(-5))/3. Let n be (6/(-8))/((-99)/o - 4). Calculate the remainder when ((-27)/n)/(2 - 7/4) is divided by 7.
4
Let h(q) = q**2 - q - 5. Let b be h(8). Let z = 39 - b. Calculate the remainder when (4/z)/(3/(-873)) is divided by 33.
31
Let g be (-40)/(-18) + (-10)/45. Suppose -18 + 24 = g*n. Suppose 17 = n*b - 7. Calculate the remainder when 55 is divided by b.
7
Let f = 2736 + -2373. Calculate the remainder when f is divided by 27.
12
What is the remainder when 1209 + -2 - 110/(-143)*-13 is divided by 239?
2
Let l(b) = 2 + 20*b**2 + 12 + 2 - 17*b**2 + 42*b. Calculate the remainder when l(-16) is divided by 497/21 + (-2)/3.
20
Let w(j) = j - 1. Let h(t) = 12*t - 1. Let x(c) = -h(c) + 6*w(c). Let n be x(3). Let f = 37 + n. Calculate the remainder when 39 is divided by f.
11
Calculate the remainder when 106 is divided by 40 - 27 - (-3 + -46).
44
Suppose -t = -5*t + 64. Let l be 9/(-18)*24 - -374. Suppose -67*z + 63*z - 259 = -3*k, 2*z = 4*k - l. What is the remainder when k is divided by t?
13
Let f = -386 + 397. Suppose -56 = -3*r + q, -f*r + 6*r - 4*q + 65 = 0. Calculate the remainder when r is divided by 10.
7
Suppose 0 = -2*s + 5*s + 3*i + 438, -10 = -5*i. Let r = -47 - s. Calculate the remainder when r is divided by 35.
31
Let p(l) = -18*l + 1179. Calculate the remainder when p(-55) is divided by 10.
9
Let i = 42 + -39. Suppose -i*v + 5*n = -45, 6*v + 4*n = v + 38